 4*u**2 + u + 1. Determine m(l).
8
Let u(a) be the second derivative of 2*a**3/3 - a**2/2 - 10*a - 1. Determine u(-2).
-9
Suppose 3 = -5*f + 28. Let k(j) = 6 + 3*j**2 - 6*j**2 - j**2 - 5*j + j**3. What is k(f)?
6
Let x(i) = i**3 - 8*i**2 + 2*i - 11. Let r be x(8). Suppose -8 = -2*g - 4*c, r = 5*g - 2*c - 3*c. Let n(a) = -a**3 - a**2 + 2. What is n(g)?
-10
Let z(t) be the third derivative of t**5/60 - t**4/6 - 7*t**3/6 + 118*t**2. Calculate z(6).
5
Let b(o) = 3*o**2 + 10*o - 12. Let s(u) = u**2 + 3*u - 4. Let g(w) = -4*b(w) + 11*s(w). Let k = 6920 - 6928. What is g(k)?
-4
Let q(o) = o**3 - 2*o**2 - o. Let g(h) = h + 3. Let r be g(-4). Let c be q(r). Let k(y) = 3 - 4 + 5*y - 1 + 3. Determine k(c).
-9
Let y = 2 - 3. Let g be 0 - ((4 - 2) + y). Let w(b) = -b + 7*b**2 - 3 + b**2 - 9*b**2 + 2. What is w(g)?
-1
Let w(c) = -c**2. Let i(n) = -112*n**3 + 4*n + 2 + 114*n**3 - n**2 + 0. Let h(a) = -i(a) + 4*w(a). Determine h(-2).
10
Suppose 6 = 3*b - 3*x, 8*b - 3*b + 5*x = 0. Let p be b*(1*-4 + 3). Let m(o) be the first derivative of -5*o**2/2 - o + 51. Calculate m(p).
4
Let m = -11 - -6. Let a(n) be the third derivative of 0*n + 0 + 0*n**3 - 1/12*n**4 - 35*n**2. What is a(m)?
10
Let a(i) = -i**3 - 7*i**2 + 10*i - 9. Suppose -3*x - 27 = 3*b, 14*x - 15*x = -5*b + 3. What is a(x)?
-25
Let r(g) be the third derivative of 1/120*g**6 - 14*g**2 - 1/24*g**4 + 1/2*g**3 + 0*g + 0 - 1/60*g**5. Determine r(0).
3
Let c(f) = 15*f**3. Let o be c(-1). Suppose 10*i = 4 + 86. Let t = o + i. Let m(w) = 4*w + 8. Determine m(t).
-16
Suppose 12*q + q - 39 = 0. Let z(p) = -10 - 22*p + p**3 + 21*p + q - p**2. Calculate z(0).
-7
Let t(x) be the first derivative of 1 + 5/3*x**3 + 1/2*x**2 - x. Let g be t(1). Let q(k) = 2*k - 5. Calculate q(g).
5
Let s(q) = 6*q - 146. Let r be s(25). Let b(k) = 5*k + 3. Calculate b(r).
23
Suppose -5*s - 3 = -2*s, -5*f = 4*s - 1. Let j(l) = 4*l + 58 - 17 + l - 18 - 22. Determine j(f).
6
Let v(u) = 15*u**3 + 8*u**2 - 6. Let x(k) = 7*k**3 + k**2 - k - 1. Let z(f) = -v(f) + 2*x(f). Let q be -1 + (-1 - (1 + 2)). Give z(q).
-11
Let w(x) = -4*x + 3. Let a(s) = -4*s + 3. Let u(j) = 3*a(j) - 2*w(j). Calculate u(5).
-17
Let j be ((-2)/3)/(4/78). Let x(d) = d**3 + 12*d**2 - 11*d + 32. Let p be x(j). Let s(i) = -3*i + 5. Determine s(p).
-13
Let g = 1631 - 1624. Let v(t) = 8*t + 2. Determine v(g).
58
Let s(u) = -12*u. Let t(g) = -4*g. Let n(b) = 3*s(b) - 8*t(b). Let z(j) = -2*j + 13. Let v be z(6). Calculate n(v).
-4
Suppose 0 = 3*n - 6*n - 12. Let w(q) = -q**2 + 9*q + 4. Let b be w(9). Let p(x) = 3*x - 2*x**2 + b - x**3 + x + x**2 - 2*x**2. Calculate p(n).
4
Let s(w) = -5*w**3 - 4*w**2 + 5*w + 3. Let a(t) = -t**3 + t. Let r(c) = 4*a(c) - s(c). Suppose 0 = -8*q + 6*q - 8. Calculate r(q).
1
Let c(u) = u**2 + 5*u - 1. Let o be c(-4). Let j = o - -7. Let g be (12/15)/(j/(-10)). Let b(q) = 3*q + 3. Determine b(g).
-9
Let l(u) = -u**2 - 5*u + 1. Let p(r) = r**2 - 10*r + 15. Let v(a) = a + 17. Let j be v(-11). Let y = j + 1. Let c be p(y). Give l(c).
-5
Let q(d) be the second derivative of -d**3/6 + 13*d**2/2 - 34*d. Suppose 0 = -3*u + 13 + 11. What is q(u)?
5
Suppose 0 = 4*s - 6*s + 12. Let v(r) = -3*r**2 + 2*r + 3 - 5*r + s*r**2. Suppose -3*n - 25 = -5*b, n + 3 - 4 = -3*b. Calculate v(b).
9
Suppose 0*x - 2*x + 14 = 0. Let g be 5/(-4) + x/28. Let h(d) be the first derivative of -14*d**3/3 - d + 11. Calculate h(g).
-15
Let i(g) = g**2 + 12*g + 9. Let u be i(-12). Let d(x) = u*x + 0 - x**2 - 4*x - 3 + 1. Give d(3).
4
Let a(g) = g**2 - 2*g + 6. Suppose 11 = -i - f, 14*i + 20 = 9*i + 2*f. Calculate a(i).
54
Suppose u + 2 = 2*u. Let s(p) be the first derivative of p**3/3 - p - 1. Determine s(u).
3
Let z(t) be the second derivative of t**3/6 + 9*t**2 + 127*t. Calculate z(-12).
6
Let y = -3 - 2. Let v(f) be the first derivative of f**3/3 + 5*f**2/2 - 3*f + 19. Give v(y).
-3
Suppose 0 = -13*s + 160 - 225. Let l(b) = 2 + 3 - 5 - 2*b. Calculate l(s).
10
Let i = -4 - -20. Suppose -8*g + 8 = -i. Let u(l) = -l**2 - 2. What is u(g)?
-11
Let q(j) = -j**3 + j**2 + j - 2. Suppose -3*i - 2*f = -7*i + 142, -5*f + 200 = 5*i. Suppose 7*p - 12 = i. Let t(k) = k - 7. Let u be t(p). Determine q(u).
-2
Let y(n) = -3*n - 1. Let v(x) = 3*x + 24. Let u be v(-6). Suppose -q + u*q + 10 = 0. What is y(q)?
5
Let b(v) = -v - 13. Suppose -10*g + 8*g + 5*t = 2, 11 = 3*g - 4*t. Determine b(g).
-22
Let x(n) = 4*n + 1. Let k(s) = s - 2. Let w be k(2). Suppose 4*q - 4*z + 4 = 0, 1 = 5*q + 4*z - 7*z. Suppose o + 5 - q = w. Determine x(o).
-11
Let t(v) be the second derivative of 1/6*v**3 + 1/3*v**4 - 1/20*v**5 + 2*v**2 + 0 + v. Calculate t(4).
8
Let s(w) be the third derivative of 1/24*w**4 + 0*w + 0 + 1/3*w**3 - 26*w**2. Give s(3).
5
Let f(v) = 27 - 2*v**3 + 5*v**3 - 10*v**2 + 14*v - 2*v**3 - 2*v**3. Let b be (-1)/((-4)/(-40)) + -1. Let c be f(b). Let x(q) = q**2 + 6*q - 8. Determine x(c).
-8
Let f be ((-36)/(-45))/(4/10). Let t(b) = -48*b + 14*b + 22*b + 22*b. Calculate t(f).
20
Let a(d) = 9*d**2 - d + 1. Suppose 6*w - w = 5*g - 20, -5*g = 5*w. Calculate a(w).
39
Suppose 5*q - 3*q - 38 = 0. Let r(t) = -3*t + q*t**2 - t - 9*t**2 - 13*t**2 + t**3. Calculate r(4).
0
Let l be (10 + -10)/(2 - 3). Let a(s) = -3*s**3 - 5*s**2 - 2*s**3 + 4*s**3 + 6*s + l + 3. Let h = -3 + -3. Determine a(h).
3
Suppose -10 = -3*l - 2*j, -2*l + 3*j - 3 + 1 = 0. Let c(f) = 5*f - 4. Let r be c(l). Let x(q) = -q**3 + 7*q**2 - 4*q - 4. What is x(r)?
8
Suppose -3*l + 36 = 3*f, 0*f = f - 2*l. Let x(p) = -6*p - 2*p + p**2 - f + 12. Determine x(5).
-11
Let b(m) = m**3 + 6*m**2 + 4*m + 5. Let h be b(-5). Let x be 4/h + (-8)/20. Suppose x = 2*u + 3*u. Let r(s) = s**3 - 11. Calculate r(u).
-11
Let a(s) be the first derivative of 2*s**2 + 11*s + 454. What is a(4)?
27
Let m(t) = -t**2 - 7*t + 1. Let p = 30 + -30. Suppose -21 = -3*w - p*w. Suppose -4*f + 4 = -4*r, -w = 3*r - f - f. Determine m(r).
11
Let r(a) = -2. Let d(o) = -5*o - 6. Let l(j) = d(j) - 4*r(j). Determine l(-4).
22
Let x(v) = -2*v**2 + 27*v + 14. Let c be x(14). Let w(m) = m**2 - 12. Determine w(c).
-12
Let v(k) = k**3 - k**2 + k + 4. Let t be v(0). Let s(y) = y**2 + 0*y + 6*y - 7 - t*y - 7*y. What is s(6)?
-1
Let l(z) = -7*z + 1. Let y(s) = s**2 + 33*s - 21. Let v(q) = 2*l(q) + y(q). Determine v(-20).
1
Let u(a) = -18*a**2 - 28*a + 20. Let q(d) = 9*d**2 + 14*d - 10. Let i(k) = -5*q(k) - 3*u(k). Let p(w) = 2*w**2 + w - 1. Let y(x) = -i(x) + 5*p(x). What is y(7)?
-9
Suppose -5*n - 3*m = 84 + 258, 3*m + 12 = 0. Let r = n + 65. Let v(h) = 17*h**2 - 1. What is v(r)?
16
Let x(l) = l**3 + 8*l**2 - 2*l - 21. Let g be -6 - 0 - (-4 + (2 - -4)). What is x(g)?
-5
Let z(x) = 4*x**3 - 2*x**2 + 3*x + 3. Let l(u) = -2*u**3 + u**2 - 2*u - 2. Let t(j) = -5*l(j) - 3*z(j). Determine t(2).
-9
Let y(d) = 548*d**3 + 5 - 549*d**3 + 4*d**2 - 5. Give y(4).
0
Let j(z) = z**3 + 36*z**2 - 76*z - 6. Let x be j(-38). Let l(k) = k**2 + 6*k. Determine l(x).
0
Let o(u) be the third derivative of -u**6/120 - u**5/15 + 5*u**4/24 + u**3/6 - 63*u**2. Determine o(-6).
43
Let a(h) = h**2 + 2*h - 4. Suppose 5*w - 9 = -5*q + 2*w, 2*q - 12 = -4*w. Suppose 8*u - 4*u + 12 = q. What is a(u)?
-1
Suppose -f - 10*f = -f. Let g(d) = -d**2 + d + 17. Determine g(f).
17
Let f(y) be the first derivative of y**2/2 - 8*y + 1150. Let t be 9 - 1*-2 - 1. Determine f(t).
2
Let y(f) = f**3 - 3*f**2 + 3. Let o be -2 - -5 - (-58 - -58). Give y(o).
3
Let b(m) = -m**2 + 13*m - 24. Let v be b(10). Let d(l) = 6*l + 19 - 5 - 7 - v. What is d(-2)?
-11
Let a be 5 - (2 - 1 - 0). Let t(j) = -2 + j + 2*j + 7 - 1. Let k(y) = 8*y + 12. Let b(g) = -4*k(g) + 11*t(g). Determine b(a).
0
Suppose -2*u - 12 = u. Let h(d) = 1139 - 1139 - d**2 - 4*d. What is h(u)?
0
Let p(b) be the third derivative of -b**4/3 + b**3/6 + 5*b**2 + 2. Give p(-1).
9
Suppose 3 = 4*b - b. Let o(i) = 3 + b + i**2 + 3*i + 2*i + i**2. Calculate o(-3).
7
Let a = -135 + 90. Let h be 126/a*(-10)/4. Let q(p) be the second derivative of -p**4/12 + 4*p**3/3 + 2*p**2 + 4*p. Give q(h).
11
Let n = 831 + -830. Let i(f) = -f + 5. Give i(n).
4
Let d(l) be the first derivative of l**2/2 - 46. Let a(s) = -7*s + 6. Let x(u) = -a(u) - 6*d(u). Calculate x(0).
-6
Let c(l) be the third derivative of l**5/60 - l**4/4 + 5*l**3/6 + 153*l**2. Determine c(2).
-3
Suppose 0 = 24*l - 20*l + 236. Let r = 5